{"id":27,"date":"2016-08-31T22:06:56","date_gmt":"2016-08-31T20:06:56","guid":{"rendered":"http:\/\/www.kolbert.cz\/uvodni-stranka\/?page_id=27"},"modified":"2024-11-30T16:01:55","modified_gmt":"2024-11-30T15:01:55","slug":"autoservis","status":"publish","type":"page","link":"https:\/\/www.kolbert.cz\/autoservis\/","title":{"rendered":"\u00davodn\u00ed str\u00e1nka"},"content":{"rendered":"\n<h6 class=\"wp-block-heading\">&nbsp;<\/h6>\n\n\n\n<div class=\"wp-block-columns are-vertically-aligned-center is-layout-flex wp-container-core-columns-is-layout-9d6595d7 wp-block-columns-is-layout-flex\">\n<div class=\"wp-block-column is-vertically-aligned-center is-layout-flow wp-block-column-is-layout-flow\"><div class=\"wp-block-image\">\n<figure class=\"aligncenter size-full is-resized\"><img loading=\"lazy\" decoding=\"async\" width=\"84\" height=\"84\" src=\"https:\/\/www.kolbert.cz\/wp-content\/uploads\/2022\/06\/ikony3.png\" alt=\"\" class=\"wp-image-13330\" style=\"width:84px;height:84px\"\/><\/figure>\n<\/div>\n\n\n<p class=\"has-text-align-center\">Prov\u00e1d\u00edme opravy vozidel <br \/>v\u0161ech zna\u010dek s individu\u00e1ln\u00edm p\u0159\u00edstupem ke ka\u017ed\u00e9mu z\u00e1kazn\u00edkovi<\/p>\n<\/div>\n\n\n\n<div class=\"wp-block-column is-vertically-aligned-center is-layout-flow wp-block-column-is-layout-flow\"><div class=\"wp-block-image\">\n<figure class=\"aligncenter size-full\"><img loading=\"lazy\" decoding=\"async\" width=\"84\" height=\"84\" src=\"https:\/\/www.kolbert.cz\/wp-content\/uploads\/2022\/06\/ikony1.png\" alt=\"\" class=\"wp-image-13333\"\/><\/figure>\n<\/div>\n\n\n<p class=\"has-text-align-center\">Postar\u00e1me se o v\u0161echny <br \/>pot\u0159eby va\u0161eho vozidla v\u010detn\u011b pneuservisu, uskladn\u011bn\u00ed pneumatik a geometrie<\/p>\n<\/div>\n\n\n\n<div class=\"wp-block-column is-vertically-aligned-center is-layout-flow wp-block-column-is-layout-flow\"><div class=\"wp-block-image\">\n<figure class=\"aligncenter size-full\"><img loading=\"lazy\" decoding=\"async\" width=\"84\" height=\"84\" src=\"https:\/\/www.kolbert.cz\/wp-content\/uploads\/2022\/06\/ikony2.png\" alt=\"\" class=\"wp-image-13336\"\/><\/figure>\n<\/div>\n\n\n<p class=\"has-text-align-center\">Zaji\u0161\u0165ujeme pravideln\u00e9 prohl\u00eddky STK<\/p>\n<\/div>\n<\/div>\n\n\n\n<p class=\"has-text-align-center has-vivid-red-color has-text-color has-link-color wp-elements-517bd79aa744a08445fe103b0daa0c0b\" style=\"font-size:28px;font-style:normal;font-weight:700\"><\/p>\n\n\n\n<p><\/p>\n\n\n\n<p><\/p>\n\n\n\n<h3 class=\"wp-block-heading has-text-align-center\">Zajist\u00edme, aby V\u00e1\u0161 vozov\u00fd park byl v\u017edy pln\u011b provozuschopn\u00fd za velmi p\u0159\u00edzniv\u00fdch podm\u00ednek.<\/h3>\n\n\n\n<p><\/p>\n\n\n\n<ul class=\"wp-block-social-links is-content-justification-center is-layout-flex wp-container-core-social-links-is-layout-16018d1d wp-block-social-links-is-layout-flex\"><li class=\"wp-social-link wp-social-link-facebook  wp-block-social-link\"><a href=\"https:\/\/www.facebook.com\/CzechCarsBrno\" class=\"wp-block-social-link-anchor\"><svg width=\"24\" height=\"24\" viewBox=\"0 0 24 24\" version=\"1.1\" xmlns=\"http:\/\/www.w3.org\/2000\/svg\" aria-hidden=\"true\" focusable=\"false\"><path d=\"M12 2C6.5 2 2 6.5 2 12c0 5 3.7 9.1 8.4 9.9v-7H7.9V12h2.5V9.8c0-2.5 1.5-3.9 3.8-3.9 1.1 0 2.2.2 2.2.2v2.5h-1.3c-1.2 0-1.6.8-1.6 1.6V12h2.8l-.4 2.9h-2.3v7C18.3 21.1 22 17 22 12c0-5.5-4.5-10-10-10z\"><\/path><\/svg><span class=\"wp-block-social-link-label screen-reader-text\">Facebook<\/span><\/a><\/li>\n\n<li class=\"wp-social-link wp-social-link-mail  wp-block-social-link\"><a href=\"mailto:&#105;n&#102;o&#064;&#099;&#122;e&#099;hcar&#115;-&#098;r&#110;&#111;.&#099;&#122;\" class=\"wp-block-social-link-anchor\"><svg width=\"24\" height=\"24\" viewBox=\"0 0 24 24\" version=\"1.1\" xmlns=\"http:\/\/www.w3.org\/2000\/svg\" aria-hidden=\"true\" focusable=\"false\"><path d=\"M19,5H5c-1.1,0-2,.9-2,2v10c0,1.1.9,2,2,2h14c1.1,0,2-.9,2-2V7c0-1.1-.9-2-2-2zm.5,12c0,.3-.2.5-.5.5H5c-.3,0-.5-.2-.5-.5V9.8l7.5,5.6,7.5-5.6V17zm0-9.1L12,13.6,4.5,7.9V7c0-.3.2-.5.5-.5h14c.3,0,.5.2.5.5v.9z\"><\/path><\/svg><span class=\"wp-block-social-link-label screen-reader-text\">E-mail<\/span><\/a><\/li><\/ul>\n\n\n\n<div class=\"wp-block-columns is-layout-flex wp-container-core-columns-is-layout-9d6595d7 wp-block-columns-is-layout-flex\">\n<div class=\"wp-block-column is-layout-flow wp-block-column-is-layout-flow\" style=\"flex-basis:100%\"><div class=\"wp-block-image\">\n<figure class=\"aligncenter size-large\"><img loading=\"lazy\" decoding=\"async\" width=\"1920\" height=\"758\" src=\"https:\/\/www.kolbert.cz\/wp-content\/uploads\/2022\/06\/alfa-romeo-tipo-b-grand-prix-monoposto-011XXX-1920x758.jpg\" alt=\"\" class=\"wp-image-13349\" srcset=\"https:\/\/www.kolbert.cz\/wp-content\/uploads\/2022\/06\/alfa-romeo-tipo-b-grand-prix-monoposto-011XXX-1920x758.jpg 1920w, https:\/\/www.kolbert.cz\/wp-content\/uploads\/2022\/06\/alfa-romeo-tipo-b-grand-prix-monoposto-011XXX-300x118.jpg 300w, https:\/\/www.kolbert.cz\/wp-content\/uploads\/2022\/06\/alfa-romeo-tipo-b-grand-prix-monoposto-011XXX-768x303.jpg 768w, https:\/\/www.kolbert.cz\/wp-content\/uploads\/2022\/06\/alfa-romeo-tipo-b-grand-prix-monoposto-011XXX-1536x606.jpg 1536w, https:\/\/www.kolbert.cz\/wp-content\/uploads\/2022\/06\/alfa-romeo-tipo-b-grand-prix-monoposto-011XXX-228x90.jpg 228w, https:\/\/www.kolbert.cz\/wp-content\/uploads\/2022\/06\/alfa-romeo-tipo-b-grand-prix-monoposto-011XXX.jpg 2048w\" sizes=\"auto, (max-width: 1920px) 100vw, 1920px\" \/><\/figure>\n<\/div><\/div>\n<\/div>\n\n\n\n<p><\/p>\n","protected":false},"excerpt":{"rendered":"<p>&nbsp; Prov\u00e1d\u00edme opravy vozidel v\u0161ech zna\u010dek s individu\u00e1ln\u00edm p\u0159\u00edstupem ke ka\u017ed\u00e9mu z\u00e1kazn\u00edkovi Postar\u00e1me se o v\u0161echny pot\u0159eby va\u0161eho vozidla v\u010detn\u011b pneuservisu, uskladn\u011bn\u00ed pneumatik a geometrie Zaji\u0161\u0165ujeme pravideln\u00e9 prohl\u00eddky STK Zajist\u00edme, aby V\u00e1\u0161 vozov\u00fd park byl v\u017edy pln\u011b provozuschopn\u00fd za velmi p\u0159\u00edzniv\u00fdch podm\u00ednek.<\/p>\n","protected":false},"author":1,"featured_media":0,"parent":0,"menu_order":1,"comment_status":"closed","ping_status":"closed","template":"","meta":{"ngg_post_thumbnail":0,"footnotes":""},"class_list":["post-27","page","type-page","status-publish","hentry"],"_links":{"self":[{"href":"https:\/\/www.kolbert.cz\/autoservis\/wp-json\/wp\/v2\/pages\/27","targetHints":{"allow":["GET"]}}],"collection":[{"href":"https:\/\/www.kolbert.cz\/autoservis\/wp-json\/wp\/v2\/pages"}],"about":[{"href":"https:\/\/www.kolbert.cz\/autoservis\/wp-json\/wp\/v2\/types\/page"}],"author":[{"embeddable":true,"href":"https:\/\/www.kolbert.cz\/autoservis\/wp-json\/wp\/v2\/users\/1"}],"replies":[{"embeddable":true,"href":"https:\/\/www.kolbert.cz\/autoservis\/wp-json\/wp\/v2\/comments?post=27"}],"version-history":[{"count":100,"href":"https:\/\/www.kolbert.cz\/autoservis\/wp-json\/wp\/v2\/pages\/27\/revisions"}],"predecessor-version":[{"id":13490,"href":"https:\/\/www.kolbert.cz\/autoservis\/wp-json\/wp\/v2\/pages\/27\/revisions\/13490"}],"wp:attachment":[{"href":"https:\/\/www.kolbert.cz\/autoservis\/wp-json\/wp\/v2\/media?parent=27"}],"curies":[{"name":"wp","href":"https:\/\/api.w.org\/{rel}","templated":true}]}}